f x?
1
Suppose 4*g = 77 + 31. Suppose -n + g + 15 = 0. What is the units digit of n?
2
Let s be (-1)/(-4) + (-5)/4. What is the tens digit of (s - (-5)/3)*24?
1
Let w be ((-2)/(-6))/((-4)/(-48)). Let n(z) = z - 2. Let u be n(w). What is the units digit of 1/(((-4)/(-10))/u)?
5
Let f(r) = -r**2 - 11*r + 8. Let u be f(-8). Suppose 0 = 12*t - 10*t - u. What is the tens digit of t?
1
Suppose 0 = -2*c - 2*i, 5*c + 3*i = -0*i + 8. Let l be c/(-2) - -2*1. Let r = 2 - l. What is the units digit of r?
2
Suppose 4*s = -20, i - s - 20 = -4*i. Let d be (25/(-3))/((-1)/i). Let u = d - 16. What is the units digit of u?
9
Let t(w) = w**2 - 11*w + 10. Let z be t(13). Suppose -s = -4*s + z. What is the tens digit of s?
1
Let t be (-8)/(-1 + 3) + -2. Let m be ((-3)/t)/(1/(-24)). What is the units digit of (-126)/m - (-2)/4?
1
Let k be (-4)/(-6) - 21/(-9). Suppose 5*z = k*z - 12. Let g(p) = -p + 2. What is the units digit of g(z)?
8
Suppose 2*i + f + 4 = -11, 0 = -2*i + 4*f - 20. Let r(k) = k - 9. Let b(n) = 2*n - 8. Let o(m) = -3*b(m) + 4*r(m). What is the units digit of o(i)?
4
Let d(b) be the first derivative of -b**3/3 - 4*b**2 + 11*b - 3. What is the units digit of d(-9)?
2
Let r(a) = -2*a**2 - 8*a. Let g be r(-8). Let z = 103 + g. What is the tens digit of z?
3
Let y(z) = z - 12. Suppose 3 = -3*g + 21. Let b be y(g). Let a = -1 - b. What is the units digit of a?
5
Let c(x) = -x + 4. Let i be c(2). Suppose i*s = 5*h - 19, -h - 2 = s - 2*h. Suppose -3 = -s*q + 3. What is the units digit of q?
2
Let x(p) = 6*p + 1. What is the tens digit of x(9)?
5
Let d be (-24)/3 - (-2)/1. What is the tens digit of d/(-15) - (-126)/10?
1
Let o = -5 + 10. Suppose 3*r + o*w - 119 = 0, 3*r = 2*r - 2*w + 41. What is the tens digit of r?
3
Let g(q) = -q**2 + 4*q - 4. Let n be g(3). Let d = n + 7. What is the units digit of d?
6
Suppose 0 = -w + 5*w - 12. Suppose 4*v - 29 = w*m - 2*m, 2*v - 2*m = 10. What is the units digit of v?
8
Let x(b) = b**3 + b**2 + b - 14. Let g be x(0). Let c = g - -10. What is the units digit of (1 + -7)*c/3?
8
Let b = -57 - -91. Let t = b - 48. Let l = 29 + t. What is the units digit of l?
5
Let b(k) = -2*k + 1. Let u be b(-1). Let w be -2*14/12*u. Let d = 0 - w. What is the units digit of d?
7
Suppose -n + o + 14 = 0, 4*n = -0*o + o + 59. Suppose 0 = 3*p - n, 0*j - 3*p = -4*j + 165. What is the tens digit of j?
4
Let r(q) = 8*q + 4. Let l be r(-3). Let o be (l/(-8))/(1/2). Suppose 4*f + f - o = 0. What is the units digit of f?
1
Suppose -5*p - 11 = -4*p - 3*y, 4*p + 4*y = 4. What is the units digit of 20/3*(-3)/p?
0
Let l(g) = g**3 + 7*g**2 - 3*g - 5. Suppose 2*s - 5*w = 1, -2*s + 5*s - 5*w = -6. What is the units digit of l(s)?
6
Suppose -4 = -2*l - 2. Let y be (-5)/((l - 0)*-1). What is the units digit of 3/y*(17 + -2)?
9
Let b be (8/12)/((-4)/(-18)). Suppose 0 = b*i + 6 + 3. What is the units digit of i - ((-84)/(-3))/(-2)?
1
Let g(i) = i - 1. Let m be g(5). Suppose 0 = -4*v + 16 - m. What is the units digit of v?
3
Let c(d) = 2*d + 7. Let s be c(-5). Let k be s/(-1)*15/9. Suppose 0 = -4*h - 4*u + 11 + 5, -5*u = -k*h + 60. What is the units digit of h?
8
Let t be (2/4)/(5/(-120)). What is the tens digit of (t/(-5))/((-1)/(-5))?
1
Let s(k) = -2*k + 2. Let f be s(-2). Let q = f + -5. Let x(b) = 10*b**2 - b. What is the units digit of x(q)?
9
Suppose 3 = -z + 1, 0 = -m + 4*z + 12. Let j = 15 - m. What is the tens digit of j?
1
Let m be -33*(-1)/((-6)/(-4)). Let b = 3 - -2. Suppose l = -b*p + m, 4 = 2*p - p. What is the units digit of l?
2
Let y be -3 + 1 + 2*2. Suppose -v + y*x = -3*x + 8, 0 = 3*v + 4*x - 33. What is the units digit of v?
7
Suppose 5*a + 382 = 3*z + 6*a, 0 = -5*z + 5*a + 630. What is the tens digit of z?
2
What is the tens digit of 116 + -5 - (-5)/((-10)/8)?
0
Let j(l) = -10 + 6*l + 3 + 0*l**2 + 2*l**2. What is the tens digit of j(-5)?
1
Let o(t) = 7*t - 13*t + 4*t + 11. What is the units digit of o(-17)?
5
Let b(a) = 10*a - 1. Let h be b(-2). What is the units digit of 2/14 + (-753)/h?
6
Suppose -6*b + 1 - 7 = 0. What is the units digit of 3/(-6)*22/b?
1
Let h be (-138)/(-9)*3/2. Let f = h + -10. Let q = f - 6. What is the units digit of q?
7
Let f = 9 + -2. Suppose -4*b + b = -4*k + 48, -4*b = k + f. What is the units digit of k?
9
Let l(i) be the first derivative of -i**3/3 - 9*i**2/2 - 8*i + 3. What is the units digit of l(-6)?
0
Suppose 14*q = 2*q + 984. What is the tens digit of q?
8
Let k = 2 + 0. Suppose -g - 41 = -5*o, o + k*g - 2 = 4. Suppose -i + b + 9 + 0 = 0, -2*b = o. What is the units digit of i?
5
Let u(m) = -m**3 + 15*m**2 + m + 15. What is the units digit of u(15)?
0
What is the units digit of (-19)/(-1) - (-6 - -6)?
9
What is the units digit of (-6)/(-10)*(23 - -2)?
5
Suppose -4*h + 113 = 4*n - n, 2*h = 5*n + 37. What is the tens digit of h?
2
Let w be (-36)/(-6) + (2 - 1). Suppose -4*a + 13 + w = 0. Suppose 2*x + 36 = a*x. What is the tens digit of x?
1
What is the tens digit of (-1)/(-1) + 5 + -3 - -49?
5
Let n = 107 - 76. What is the tens digit of n*1 + (-12 - -10)?
2
Suppose t - 12 = -t. Suppose -l + 15 = 4*l - o, -2*l + t = 5*o. Suppose -l*n + 6*n = 51. What is the units digit of n?
7
Let a(h) = h**2 - 8*h - 12. Suppose 2*d - 6*d + 2*y = -30, 4*y + 20 = 4*d. Let u be a(d). Let t = u - 5. What is the units digit of t?
3
Let f(t) = -t**3 + 5*t**2 + 3*t. Suppose 3*i + 24 = 3*k, -5*i - 3 - 29 = -3*k. What is the tens digit of f(k)?
2
Suppose 4*f = -z, f - 14 = -f + 3*z. Suppose 2 = -4*p + 6*p. What is the units digit of 1 - (p + f + -6)?
5
Suppose w - 5*l = 55, 5*l = 4*w - 0*l - 160. Suppose -5*a = 5*z - 40, 2*z + 3*a - w = -2*z. What is the units digit of z?
1
Suppose 4*a - 156 = -4*k, -a + 4 + 0 = 0. What is the tens digit of k?
3
What is the hundreds digit of (-186)/(-2 + (-4)/(12/(-3)))?
1
Let r = 799 + -367. What is the tens digit of r?
3
Let y = -6 + 8. Let r = y - -2. Suppose -r - 11 = -3*v. What is the units digit of v?
5
Let k(s) = -s**3 - s**2 - 13. Let h be k(0). Let y = -7 - h. What is the units digit of y?
6
Let x be 6/2*22/3. Suppose 4*d - 26 = x. Suppose 3*i = -0*i + q + d, 12 = 3*i - 2*q. What is the units digit of i?
4
Suppose -5*f + 2*o = -2*o - 34, 5*o + 5 = 0. What is the units digit of f?
6
Let y be ((-1)/((-2)/28))/2. Let b(g) be the first derivative of g**3/3 - 3*g**2 - g - 1. What is the units digit of b(y)?
6
Suppose -2*v + 21 = v. Suppose v*j - 2*j = 225. Suppose 0 = -9*h + 4*h + j. What is the units digit of h?
9
Let p(g) = 16*g**2 - 2*g + 2. What is the units digit of p(1)?
6
Suppose 4*t = -10*t + 602. What is the tens digit of t?
4
Let v = -9 + 41. What is the tens digit of v?
3
Let r(n) = -n**2 + 6*n - 3. Let a be r(6). Suppose 3*b + 10 = 3*z + 31, 3*z = -2*b + 4. Let c = b + a. What is the units digit of c?
2
Let f = -5 + 4. Let y be -24*f/(-4)*-5. Suppose 7*s = 4*s + y. What is the units digit of s?
0
Suppose 524 = 10*a - 206. What is the units digit of a?
3
Let y(x) = x**3 + 5*x**2 - 7*x - 6. Let z be y(-6). Suppose 8 = -z*r + 4*r. What is the units digit of 10 - (r + 0 + -2)?
0
Suppose -82 = 5*x - 342. What is the units digit of x?
2
Suppose 85 = 5*l - 4*z, z = -5*l - z + 55. What is the units digit of l?
3
Let s = 16 + 37. Suppose 51 = 5*l - 4*q, 5*l - 5*q + 3*q = s. Suppose 4*m - 53 = l. What is the units digit of m?
6
What is the hundreds digit of (-14688)/(-119) - (-3)/(-7)?
1
What is the units digit of (-116)/(-6) + (-4)/(-6)?
0
Let x = -34 + 68. What is the units digit of x?
4
Suppose 2*p = 5*q - q + 226, -20 = 5*q. What is the units digit of p?
5
Suppose -2*u = -z - 167, u - 5*z - 23 = 38. What is the units digit of u?
6
Let d be (-13)/((-3)/(-3)*-1). Suppose -5*f - h = -49, -2*f - h = -f - d. What is the units digit of f?
9
Let n(i) = -2*i - 2. Let t be n(-2). Suppose -5*z + t*z + 9 = 0. What is the units digit of z?
3
Let n(y) = -y + 11. Let c(d) = -4. Let t(s) = 8*c(s) + 3*n(s). What is the tens digit of t(-11)?
3
Let c(o) = 4*o**2 + o - 2. Let z be c(-2). What is the tens digit of (-2)/8 - (-267)/z?
2
Suppose r - 2*o - 19 = -6, -r = 3*o - 3. Let f = 16 - r. What is the units digit of f + (0/(-2))/(-3)?
7
Let n(y) = -7*y + 4 + 9 - 6 + y**3 - 4*y - 5*y**2. Let b be n(7). Suppose 4*g = -5*k + 62, -5*k - g + 25 = -b. What is the units digit of k?
0
Let x(m) = -m + 11. W